17*w - 224 = 109*w. Calculate the remainder when w is divided by 4.
0
Let w(q) = -q**2 + 4. Let l be w(5). Let x = 29 + l. Suppose 0 = -2*c - 2, f - 4*c - x = 10. Calculate the remainder when f is divided by 8.
6
Suppose -2*d - 7 = 5*g, -d = -0*g - 4*g - 16. Let l be ((-2)/(2/(-5)))/1. Suppose d*m = 20, l*f - 265 = m - 5*m. What is the remainder when f is divided by 17?
15
Suppose -2*l + 81 = 39. Calculate the remainder when 19 is divided by (-6)/l - (-69)/21.
1
Let c(k) = -9*k**3 + 4*k**2 - 5*k - 26. What is the remainder when c(-3) is divided by 54?
52
Let b(v) = -v - 8. Suppose -6 = -2*c - 2*r - 20, r + 1 = 0. Let k be b(c). Calculate the remainder when (18/(-6))/(k/26) is divided by 14.
11
Let x(l) = 2*l**2 - 2*l + 6. What is the remainder when 659 is divided by x(-3)?
29
Let m be (-40)/(-22) - (-14)/77. Suppose -3*o = m*z - 129, 5*o + 2*z - 123 = 88. Let n = -28 + o. What is the remainder when n is divided by 4?
1
Let u(o) = -202*o - 976. Calculate the remainder when u(-11) is divided by 104.
102
Let u(x) = 20*x + 33. Calculate the remainder when u(-1) is divided by 2.
1
Suppose -40 = -7*w - w. Suppose 4*z = r + 675 - 190, 575 = 5*z + w*r. Calculate the remainder when ((-42)/(-10))/(8/z) is divided by 11.
8
Let u be (-2)/4*(3 + -5). What is the remainder when u*(1/1 - -2) is divided by (45/30)/(6/8)?
1
Let a(u) = -2*u**2 + 10*u - 1. Let p(f) = 3*f**2 - 19*f + 3. Let b(y) = 5*a(y) + 3*p(y). What is the remainder when 87*(8/(-3) + 3) is divided by b(-6)?
9
Suppose -1196 = 93*w - 3521. Calculate the remainder when 155 is divided by w.
5
Let a = 1897 - 1755. Calculate the remainder when a is divided by 17.
6
Suppose -13*s + 70 + 86 = 0. What is the remainder when 27 is divided by s?
3
Let s = 15 + -15. Let y be 0 - (-4 + s + 0). Suppose -t + 60 = y*t. Calculate the remainder when 22 is divided by t.
10
Let n = 25 - 18. Suppose n*v - 4*v - 186 = 0. Let m = v - 36. What is the remainder when m is divided by 7?
5
Let q be (-4 - 36/(-8))/(1/6). Suppose -3*r + 2*i + 69 = 0, r + q*i - 2 = 21. Calculate the remainder when 114 is divided by r.
22
Let w(j) = 2*j**2 + 5. Let g be w(-6). Suppose 4*s - 205 - g = -5*u, 5*u - 264 = 2*s. What is the remainder when u is divided by 8?
6
Calculate the remainder when 179 is divided by 6095/106*3/(30/8).
41
Suppose 0 = -3*s + 65 - 56. Calculate the remainder when 9 is divided by s.
0
Suppose -3*m - 201 = -5*m + 5*k, m - 100 = 2*k. Calculate the remainder when m is divided by 10.
8
Let q = 65 + -3. Suppose 0 = -20*h + 9*h + 33. Suppose 2*c - h*c + 21 = 0. Calculate the remainder when q is divided by c.
20
Suppose 9 = -4*t + 1. What is the remainder when 31 is divided by 2*((-5)/(-2) + (t - -5))?
9
Let s = -33 + 25. Let z be (s/(-12))/(4/18). What is the remainder when z/(-12)*-4*62 is divided by 21?
20
Let w(d) = -d - 41 - 8 - d - 8*d. Calculate the remainder when 86/3*3/2 is divided by w(-6).
10
Let x = -56 + 75. Suppose -r + 17 = -2*p, -x*p = -16*p + 15. Calculate the remainder when 17 is divided by r.
3
Suppose -7*m - m = 16. What is the remainder when (-591*3/(-45))/(m/(-10)) is divided by 22?
21
Let d = 11 + 16. Let s(r) = 259*r - 958. What is the remainder when s(4) is divided by d?
24
Let o(c) = -c**2 - 6*c + 38. Let s be o(-14). Let l = s - -104. What is the remainder when 149 is divided by l?
29
Let j(d) = d - 4. Suppose -5 = 3*q - 23. Suppose 4*t = 2 + q. What is the remainder when t is divided by j(5)?
0
Suppose -25*n - 208 = -27*n + 3*s, 0 = 4*s + 16. What is the remainder when n is divided by 10?
8
What is the remainder when 8 is divided by ((-15)/9)/((-1)/(-9)*-3)?
3
Let c(w) = w**2 - 3*w - 3. Let i = -19 - -21. Suppose -5*h - 4*l + 150 = -l, i*l - 64 = -2*h. What is the remainder when h is divided by c(5)?
6
Let v = 100 + -72. Calculate the remainder when v is divided by 18.
10
Let w be (7/(-21))/((-3)/(-9)). Calculate the remainder when 54 is divided by 12 - (w + -4 + 3).
12
Suppose -9*c - 34 = -11*c + 2*y, 4*y - 12 = 0. What is the remainder when 116 is divided by c?
16
Let g(m) = 2*m**3 - 3*m**2 + 1. Let w = 16 - 13. What is the remainder when g(w) is divided by 15?
13
Let w(o) = 0*o + o**2 - 2*o + 14 + 9*o + 7*o. Let u be w(-17). Suppose 13 = -4*s + u. Calculate the remainder when 50 is divided by s.
11
Suppose 0 = o - 6*o + 15. Suppose 2*l - 32 = -3*f, -50 = -o*l - 0*f - 5*f. What is the remainder when 27 is divided by l?
7
Suppose 4*x - 859 = k + 1178, -2*x - 4*k = -996. Calculate the remainder when x is divided by 250.
8
Let y be 4/(4 + 8) + 1/(-3). Suppose y = 2*d - 17 - 15. Calculate the remainder when 28 is divided by d.
12
What is the remainder when (1 + -283)/((-12)/32) is divided by 108?
104
Let s = -267 + 557. What is the remainder when s is divided by 40?
10
Let w be (9/(-4))/((-6)/(-16)). What is the remainder when 68 - w/(1 + 1) is divided by 12?
11
Let g = -299 - -317. What is the remainder when g is divided by 9?
0
Calculate the remainder when 385/49 - 7 - (-4988)/28 is divided by 44.
3
Suppose 10*f = 8*f + 2, 5*c - 92 = -2*f. Calculate the remainder when (-16)/10*85/(-2) is divided by c.
14
Let v(m) = 12*m - 54. What is the remainder when 140 is divided by v(6)?
14
Calculate the remainder when 46 is divided by (-3)/(-27) + (-1700)/(-90) + 9.
18
Let t be (-1)/3 + (4 - 22/6). Suppose 0*g + 12*g - 96 = t. Suppose -3*m + 6 = -m, -3*c = 2*m - 42. Calculate the remainder when c is divided by g.
4
Suppose -2*x = -5*v - 89 - 164, 2*x = -4*v + 298. What is the remainder when x is divided by -3 - (-54 - 2/((-16)/24))?
43
Let g = -13 - -51. Suppose 2*r - 4*r - a = -g, 0 = 5*r - a - 88. Let l = 27 + -20. Calculate the remainder when r is divided by l.
4
Suppose q = 8 - 5. Suppose 6*t = q*t - 15. What is the remainder when 111 is divided by (-556)/(-20) + (-1)/t?
27
Suppose 3*z + 14 = m + 5*z, m - 14 = 4*z. Suppose -10*r + m*r = 68. What is the remainder when 84 is divided by r?
16
Let d = -102 + 227. Suppose 6*b - d = 61. What is the remainder when b is divided by 16?
15
Calculate the remainder when 5/((-6)/((-5112)/60)) is divided by 17.
3
Suppose -1087 + 139 = -4*b. Suppose 4*l + 5*f - 195 = 0, f + 3*f = -5*l + b. Calculate the remainder when l is divided by 8.
5
Let p(j) = -j + 24. Let k be p(0). Suppose -11*r = -13*r + k. Calculate the remainder when 35 is divided by r.
11
Calculate the remainder when 418/19*(-15)/(-2) is divided by 28.
25
Suppose -9*s + 14*s = 225. Calculate the remainder when 312 is divided by s.
42
Let c(o) = 38*o - 96. Let u(m) = -4*m + 6. What is the remainder when u(-7) is divided by c(3)?
16
Let t be (-6 + 8)*(-1)/(-1). Suppose -5*c - 70 = -5*z, -2 = -t*c - 10. What is the remainder when 26 is divided by z?
6
Let g = 21 + 6. Calculate the remainder when 82 is divided by 561/g + 2/9.
19
Let g = 3 - 1. Suppose -5*r + 4 = 2*m, -4*r - 4*m + 15 - 19 = 0. Calculate the remainder when r is divided by g.
0
Let o = -17 + 22. Suppose -7 = h + o*y - 1, 5*y = -25. What is the remainder when 75 is divided by h?
18
Let z(p) = p**2 - 16*p - 34. Let m be z(18). Suppose 3*l - 191 = 5*d, 4*d = 3*l + m*d - 206. What is the remainder when l is divided by 26?
20
Let u(c) = -c**3 + 15*c**2 - 21*c + 7. Let x be u(13). Suppose 74 = x*j - 70*j. What is the remainder when j is divided by 8?
5
Let b = 153 + -138. Suppose 3*y - 24 = 5*j, -3*y + 0*y - j = -24. What is the remainder when b is divided by y?
7
Let v be (-85)/15 + 6 - 1564/(-6). Suppose -4*t + 48 = 4*a, -t = -0*t + 3*a - 16. Calculate the remainder when -1 + (-12)/(-20) + v/15 is divided by t.
7
Let b = 31 + -35. Let q be -2 + (-12)/b - -65. Let n = q + -1. What is the remainder when n is divided by 22?
21
Suppose -642 = -v + 221. Calculate the remainder when v is divided by 24.
23
Suppose -2*c + 6*c - 48 = 0. Let p = -2469 + 2549. Calculate the remainder when p is divided by c.
8
Let c be (30/4)/((-3)/18). Let n = c - -67. What is the remainder when n is divided by 6*(520/30)/13?
6
Let x = -23 + 43. Let s(u) = u**3 + 2*u**2 - 4*u + 4. Let d = 10 + -7. Calculate the remainder when s(d) is divided by x.
17
Suppose 2*m + 66 = -u + 3*u, 5*u + 125 = -5*m. Let q = m - -35. Calculate the remainder when q is divided by 4.
2
Suppose -5*f + 3*m - 6 = 0, 0 = 2*f + f - m + 6. Let b(o) = -41*o - 4. Let p be b(f). Suppose -p - 196 = -5*